{"id":934,"date":"2010-02-07T19:12:36","date_gmt":"2010-02-07T17:12:36","guid":{"rendered":"http:\/\/ljepota.covermagazin.com\/?page_id=934"},"modified":"2010-02-07T19:12:36","modified_gmt":"2010-02-07T17:12:36","slug":"vitamin-c","status":"publish","type":"page","link":"https:\/\/ljepota.covermagazin.com\/?page_id=934","title":{"rendered":"Vitamin C"},"content":{"rendered":"<p>Vitamin C &#8211; vitamin koji ima sposobnost spre\u010davanja i lije\u010denja skrobuta, poma\u017ee u zacjeljivanju rana, opeklina, modrica i slomljenih kostiju. Nalazi se u: citri\u010dnom vo\u0107u, \u0161ipku, jagodama, dinjama, paprikama, brokulama, raj\u010dicama i zelenom lisnatom povr\u0107u.<\/p>\n","protected":false},"excerpt":{"rendered":"<p>Vitamin C &#8211; vitamin koji ima sposobnost spre\u010davanja i lije\u010denja skrobuta, poma\u017ee u zacjeljivanju rana, opeklina, modrica i slomljenih kostiju. Nalazi se u: citri\u010dnom vo\u0107u, \u0161ipku, jagodama, dinjama, paprikama, brokulama, raj\u010dicama i zelenom lisnatom povr\u0107u.<\/p>\n","protected":false},"author":1,"featured_media":0,"parent":751,"menu_order":0,"comment_status":"open","ping_status":"open","template":"","meta":{"footnotes":""},"class_list":["post-934","page","type-page","status-publish","hentry"],"_links":{"self":[{"href":"https:\/\/ljepota.covermagazin.com\/index.php?rest_route=\/wp\/v2\/pages\/934","targetHints":{"allow":["GET"]}}],"collection":[{"href":"https:\/\/ljepota.covermagazin.com\/index.php?rest_route=\/wp\/v2\/pages"}],"about":[{"href":"https:\/\/ljepota.covermagazin.com\/index.php?rest_route=\/wp\/v2\/types\/page"}],"author":[{"embeddable":true,"href":"https:\/\/ljepota.covermagazin.com\/index.php?rest_route=\/wp\/v2\/users\/1"}],"replies":[{"embeddable":true,"href":"https:\/\/ljepota.covermagazin.com\/index.php?rest_route=%2Fwp%2Fv2%2Fcomments&post=934"}],"version-history":[{"count":1,"href":"https:\/\/ljepota.covermagazin.com\/index.php?rest_route=\/wp\/v2\/pages\/934\/revisions"}],"predecessor-version":[{"id":935,"href":"https:\/\/ljepota.covermagazin.com\/index.php?rest_route=\/wp\/v2\/pages\/934\/revisions\/935"}],"up":[{"embeddable":true,"href":"https:\/\/ljepota.covermagazin.com\/index.php?rest_route=\/wp\/v2\/pages\/751"}],"wp:attachment":[{"href":"https:\/\/ljepota.covermagazin.com\/index.php?rest_route=%2Fwp%2Fv2%2Fmedia&parent=934"}],"curies":[{"name":"wp","href":"https:\/\/api.w.org\/{rel}","templated":true}]}}